i(n) = -n**3 + n**2 + n. Let q(u) = -2*u**3 + 7*u**2 + 5*u + 6. Let y(z) = 3*i(z) - q(z). Calculate y(-4).
2
Let l(o) be the first derivative of -5/2*o**2 + 0*o - 1. Give l(1).
-5
Let f(q) = 9*q**2 + q - 1. Let l be 2/(-7) - 63/(-49). Give f(l).
9
Let n(f) = -20*f**3 - 42*f**2 + 28*f + 23. Let l(g) = 7*g**3 + 14*g**2 - 9*g - 8. Let z(t) = 17*l(t) + 6*n(t). Determine z(-15).
2
Let l(p) be the third derivative of -p**3 + 1/60*p**5 + 1/8*p**4 + 0*p + 0 + 3*p**2. Let n(j) = j**2 + 6*j - 5. Let w be n(-6). What is l(w)?
4
Let s(l) be the first derivative of -5/2*l**2 - 5*l + 1/3*l**3 + 6. Give s(5).
-5
Let z(q) be the third derivative of -q**4/8 + 5*q**3/6 - 4*q**2. Let r be z(4). Let v(d) = 2*d + 9. Give v(r).
-5
Suppose -24*i + 19*i - 60 = 0. Let f(w) = -w**2 - 13*w - 4. What is f(i)?
8
Let v(o) = 2*o - 38. Let t be v(18). Let s(i) = i**3 - 2. Give s(t).
-10
Let a = 56 - 50. Let y(x) = x**2 - 4*x + 1. What is y(a)?
13
Let y(m) = -m**2 + 9*m**2 + m**2 - 2*m**2 + m. Suppose -3 = h - 2*h. Suppose -h*x - 2 = -x. Determine y(x).
6
Let f = 20 - 12. Let b(k) = -10 - f - k + 22. What is b(-4)?
8
Suppose -5*x + 3 = 13. Let z be 5/((2 - 0)/x). Let v = -3 - z. Let p(w) = w**3 - 2*w**2 + 2*w + 1. What is p(v)?
5
Let y be (-4)/6*(-3)/1. Let r(i) = i**y - 5 - 3*i + 1 + i. Calculate r(3).
-1
Let t(z) = z - 5. Let q be t(9). Let f(y) = -9*y**3 - q*y + 5 - 4 + 2*y**2 + 2*y. Calculate f(1).
-8
Let z(k) = -k**2 - k. Let d(h) = h**3 - h**2 + 6*h + 3. Let n(s) = d(s) + 4*z(s). Suppose -1 = -2*x + 1. Suppose 3*m - 10 = -x. Determine n(m).
-9
Let y(u) = -16*u - 30. Let j(i) = 3*i + 6. Let p(m) = -11*j(m) - 2*y(m). Give p(0).
-6
Let p(r) = 15*r + 2. Let c(m) = 8*m + 1. Let t(w) = -11*c(w) + 6*p(w). Let f = -6 - -9. Let h = f + -2. Give t(h).
3
Let o(m) = -m**2 + m - 4. Suppose -n + 5 = 2. Calculate o(n).
-10
Let o = 4 + -2. Let w(f) = 0 - 3 + 3*f**2 - f**3 + 5*f + f**o. What is w(5)?
-3
Let h be (-10)/(-6) + (-4)/(-12). Let x(r) = -10 + 2*r + r**2 + 13 - 9*r + 0*r**h. Give x(6).
-3
Let w(a) be the second derivative of -a**4/12 - a**3/2 + 2*a**2 - a. Let b be w(-3). Let p(c) = -5 - 30*c**2 - 4*c + 31*c**2 + 2*c. Determine p(b).
3
Suppose 0 = 6*i - i - 10. Suppose -18 = -i*d - 4*k, -k - 3 = -2*k. Let y(n) = 2 + n**2 + d*n - 4 + 0*n. Calculate y(-4).
2
Let z = 34 + -22. Suppose -4*i + z = -i. Let w(j) = 5*j**2 - 3 - i*j - 6*j**2 - 2 + 0*j**2. Determine w(-4).
-5
Let j(r) = r - 31 + 30 - 3*r**2 + r**2 - r**3. Determine j(-3).
5
Let p be 10/(-3)*(-12)/10. Suppose 0 = 4*g + p - 16. Let z(r) = -3*r**2 - 3*r**2 - 4 + r**3 + 2*r + 3*r**2. Give z(g).
2
Let k(g) be the third derivative of g**6/120 - g**5/10 + g**4/24 - g**3/2 - 16*g**2. Suppose 3*p - 4*p = -6. What is k(p)?
3
Let c(z) be the first derivative of -z**2 + 4*z - 28. Calculate c(3).
-2
Let o(h) = h**2 - 2*h - 1. Suppose 13 + 2 = 3*p, 31 = 2*n + 5*p. Suppose -n - 6 = -3*r. What is o(r)?
2
Suppose 11*l - 7*l + 12 = 0. Let v(p) = -p**3 - 5*p**2 - 3*p - 4. Calculate v(l).
-13
Let n = 34 - 31. Let j(s) = -s + 5. Give j(n).
2
Suppose x - 4*w - 20 = -3*x, -4*x + w = -11. Suppose -18 = x*c - 5*c. Suppose 8 = -5*n - p, p + c = 3*n + 14. Let y(r) = r**3 + 2*r**2 - 2*r. What is y(n)?
4
Let i(d) = -3*d - d**2 - 2*d - 3 - 4. Let l be ((-2)/4)/(2*(-10)/(-240)). Determine i(l).
-13
Let d(p) = p**2 - 3*p - 3. Let s(v) = -v - 2. Let y be s(-5). Let r be (6/y)/((-1)/1). Let q(o) = -o**3 + o - 1. Let i be q(r). What is d(i)?
7
Let s(o) = o**3 - 6*o + 3. Let l(w) = -5*w**3 - 2*w**2 + 29*w - 14. Let r(g) = 2*l(g) + 11*s(g). Suppose -3*c - 1 = 4*n - 0, -2*c - 4*n - 6 = 0. Determine r(c).
-10
Let r(y) = y**2 + 4*y + 1. Let c(a) = 2*a**2 - 2*a + 1. Let l be c(1). Let d be 52/6 + l/3. Let o be 7/(-5) - d/15. What is r(o)?
-3
Let n(q) = 18*q**2 + 8*q + 8. Let i(p) = 6*p**2 + 3*p + 3. Let f(o) = -8*i(o) + 3*n(o). Suppose 0 = 5*h + 8 + 7. Let b = 2 + h. What is f(b)?
6
Let c(u) = -u - 1. Let z(h) = -21*h + 1. Let o be z(-1). Let b = o - 16. Calculate c(b).
-7
Let k(y) = -y - 9. Let h be k(-13). Let g(n) = -n**2 + 4*n - 2. What is g(h)?
-2
Let k be ((-3)/9)/(2/(-18)*-1). Let v(n) = n - 1 + 4 + n. Determine v(k).
-3
Suppose -5*s = -5*j + 30, -4*j + 10 = -s - 5. Let h(n) be the third derivative of n**4/12 + n**3/6 + n**2. Calculate h(j).
7
Let g(f) = -6*f. Let c be g(-4). Let r be (c/3)/2 + -1. Let p(m) = -m**r + 1 + 3 - 2 + 4*m - 2*m**2. Calculate p(-3).
-1
Let f(a) = 0*a + a - 1 + 0*a + 0*a. Let u(l) be the first derivative of -5*l**2/2 - 2. Let i(q) = 3*f(q) + u(q). What is i(-4)?
5
Let y be (-2)/(-8) - 102/24. Let w(c) = -9*c + 3. Let b(o) = 4*o - 1. Let q(u) = 14*b(u) + 6*w(u). Determine q(y).
-4
Let u(p) = 7*p**2 + 11*p + 6. Let f(g) = -g**2 - g. Let m(n) = -6*f(n) - u(n). Determine m(-4).
-2
Let m be (20/6)/((-1)/(-3)). Let x be (-4)/m - (-24)/10. Let o(h) = -1 - 2 + 0*h + x*h. Determine o(5).
7
Let l(g) = 3*g**2 + 3*g - 2*g**2 + 8 + 4*g - 2*g**2. Determine l(6).
14
Let k(s) = 5*s**2 + 2*s + 12. Let a(h) = -3*h**2 - h - 7. Let w(i) = -7*a(i) - 4*k(i). Calculate w(0).
1
Let f = 10 + -7. Let g(u) = -u - u + f*u. Suppose -4*j - 10 = 6. Give g(j).
-4
Suppose 2 - 22 = 5*d. Let j(r) = 11*r - 1. Let b(q) = -5*q. Let m(i) = d*j(i) - 9*b(i). What is m(-4)?
0
Let v(b) be the first derivative of 2*b**5/15 + b**4/24 + b**3/6 - 3*b**2 + 2. Let p(x) be the second derivative of v(x). Calculate p(-1).
8
Let h(d) = -d**2 + d + 4. Let b be h(0). Suppose -7*r + 2*r - 5 = 0, -4*r = -b*s + 24. Let q(o) = -2 + 0*o + 4*o - 9*o + o**2. Calculate q(s).
-2
Let j(i) = 1 - 3 + i**2 - 1 + 0*i**2 + 3*i. Let k = 81 - 86. Give j(k).
7
Let x(q) = -q - 7. Let t be (-1*1)/(5/(-25)). Suppose -t*r + 1 = 16. Calculate x(r).
-4
Let c = -12 - -19. Suppose 2*y = -1 + c. Let x(m) = -3 - m + y + 2. Give x(2).
0
Let g(d) = 6*d + 2. Let v be (30/(-8))/(21/(-56)). Suppose -r = -6*r - v. Calculate g(r).
-10
Let y(b) = -5*b**3 + 5*b**2 + 7*b + 1. Let g(v) = 11*v**3 - 11*v**2 - 15*v - 2. Let f(x) = -4*g(x) - 9*y(x). Determine f(-2).
-7
Let p(g) = g - 5. Let s(l) be the first derivative of l**4/4 - l**3/3 - l**2/2 + 4*l + 3. Let w(a) = a - 3. Let x be w(3). Let f be s(x). Give p(f).
-1
Let s(z) = 13*z**3 + 2*z**2 - 1. Let o be (-2)/(-12) + 50/60. What is s(o)?
14
Let r = -3 + 6. Let v(b) = b**2 - 3 - b**3 + b**r - 2 - b**3. Give v(0).
-5
Let o(b) be the second derivative of b**7/120 - b**6/360 + b**5/120 + b**4/24 + b**3 + 5*b. Let j(f) be the second derivative of o(f). Give j(-1).
-8
Let y be (-12)/(2 + 3/(-6)). Let w(f) = -f - 5. Let z be w(y). Let r(t) = -t. Give r(z).
-3
Suppose -3*j - 3*p + 85 + 77 = 0, 4*p - 114 = -2*j. Let k(u) = -j + 51 - 7*u. Suppose 0 = -h - 2*h - 3. What is k(h)?
7
Let o(a) = 2*a. Suppose -v + 3*v = -6. Give o(v).
-6
Suppose -17 = 3*w - g, w - 2 = -3*g - 1. Let o(y) be the first derivative of y**3/3 + 5*y**2/2 - 262. What is o(w)?
0
Let j(h) = 2 + h - 4*h + 6*h. Let y(u) = u**2 - 7*u + 6. Let p be y(6). Let k be (1 - p/2)*-2. Determine j(k).
-4
Let s(x) = -x**3 + 8*x**2 + 9*x - 3. Let h be s(9). Let j(t) = t**2 + 2*t. Give j(h).
3
Let l(m) = m + 1. Let x(s) be the second derivative of s**3/2 + 3*s**2/2 + s. Let p = 4 - 6. Let r(c) = p*l(c) + x(c). Give r(0).
1
Let g = 7 + -11. Let z be (3/(-6))/((-2)/g). Let o(t) be the third derivative of 7*t**5/60 + t**4/24 - 8*t**2. Calculate o(z).
6
Let w(o) = 5*o**3 - 5*o + 8. Let q(s) = 4*s**3 + s**2 - 5*s + 7. Let b(k) = -4*q(k) + 3*w(k). Suppose 27 = -4*a + 3. Let r be a/8 + 68/(-16). What is b(r)?
-4
Suppose 0 = f - 7 + 3. Suppose n - 6*n + 2*a = -14, -3*a - 2 = 2*n. Let r(t) = -f*t - 6 + 4*t**2 - t**3 + n + 5*t. What is r(4)?
0
Let n be 12/7 + 18/63. Let d = 12 - 7. Suppose n = d*x + 3*a, -2*a - 2*a = -16. Let u(o) = -o**2 + 1. Determine u(x).
-3
Suppose 0 = -5*m - 0*m + 65. Suppose -5*j + m + 2 = 0. Let s(r) = -r**3 + 4*r**2 - 3*r - 4. Give s(j).
-4
Suppose 3*j + 0 = 4*y + 10, -4*j + 10 = -2*y. Let m(p) = -2*p**2 + 2*p - 3. Give m(j).
-7
Suppose -6 - 3 = 5*w - 4*v, -2*v + 17 = -5*w. Let r = 1 + -1. Let f be (0 + -1 + r)*w. Let t(j) = j**2 - 5*j - 1. Calculate t(f).
-1
Suppose 0 = p - 6*p - 15. Let o(c) = 4*c + 4. Let h(i) = 8*i + 8. Let n(m) = 4*h(m) - 7*o(m). Determine n(p).
-8
Let s(r) be the third derivative of r**6/120 + r**5/12 - r**4/24 - r**3/3 - 4*r**2. Give s(-5).
3
Let q(b) = -b**3 + 4*b**2 - 2*b - 1. Sup